23, 73, 30757
What are the prime factors of 1048415941?
1048415941
What are the prime factors of 51659132?
2, 7, 263567
List the prime factors of 245009944.
2, 30626243
List the prime factors of 28054940.
2, 5, 23, 71, 859
List the prime factors of 1154515743.
3, 89, 1441343
What are the prime factors of 62978260?
2, 5, 3148913
What are the prime factors of 1616203058?
2, 83, 9736163
List the prime factors of 31766432.
2, 992701
What are the prime factors of 9608155?
5, 1921631
List the prime factors of 1687487024.
2, 105467939
List the prime factors of 13340546.
2, 17, 19, 107, 193
List the prime factors of 170692808.
2, 11, 13, 19, 7853
List the prime factors of 230631708.
2, 3, 59, 325751
What are the prime factors of 3190611476?
2, 13, 17, 3609289
What are the prime factors of 1147310218?
2, 11933, 48073
What are the prime factors of 414045255?
3, 5, 13, 2123309
What are the prime factors of 91101088?
2, 13, 218993
What are the prime factors of 358884539?
13, 1913, 14431
List the prime factors of 4999439987.
89, 56173483
List the prime factors of 1742142658.
2, 1823, 477823
List the prime factors of 268960939.
13, 157, 131779
What are the prime factors of 74203739?
31, 97, 24677
What are the prime factors of 2054775428?
2, 103, 4987319
List the prime factors of 81321138.
2, 3, 271, 5557
What are the prime factors of 2554378740?
2, 3, 5, 1576777
What are the prime factors of 32800558?
2, 7, 101, 23197
List the prime factors of 1804182294.
2, 3, 149, 353, 5717
What are the prime factors of 394771996?
2, 1801, 54799
List the prime factors of 31213072.
2, 11, 177347
What are the prime factors of 133519014?
2, 3, 37, 433, 463
List the prime factors of 50843548.
2, 7, 1815841
What are the prime factors of 19618955?
5, 3923791
What are the prime factors of 1267957055?
5, 269, 942719
List the prime factors of 26695738.
2, 683, 19543
List the prime factors of 5957807125.
5, 29, 229, 7177
List the prime factors of 325812007.
257, 389, 3259
What are the prime factors of 1637838646?
2, 19, 379, 113723
List the prime factors of 30925739.
13, 547, 4349
What are the prime factors of 62664546?
2, 3, 7, 19, 4133
What are the prime factors of 862236953?
1291, 667883
List the prime factors of 2157737435.
5, 7, 4801, 12841
List the prime factors of 47678945.
5, 229, 41641
What are the prime factors of 2883248?
2, 31, 5813
What are the prime factors of 90004174?
2, 13, 3461699
What are the prime factors of 2144287627?
47, 227, 200983
List the prime factors of 5550982957.
13, 2789, 11777
What are the prime factors of 620267456?
2, 9691679
What are the prime factors of 1291657940?
2, 5, 3527, 18311
What are the prime factors of 141885909?
3, 11, 827, 1733
List the prime factors of 65346582.
2, 3, 7, 223, 6977
What are the prime factors of 2318701169?
43, 991, 54413
List the prime factors of 116353874.
2, 7, 13, 639307
List the prime factors of 628373934.
2, 3, 34909663
List the prime factors of 1068029309.
37, 83, 347779
List the prime factors of 37400351.
53, 173, 4079
What are the prime factors of 468723386?
2, 47, 4986419
List the prime factors of 586611457.
586611457
What are the prime factors of 194593251?
3, 83, 197, 3967
List the prime factors of 260827946.
2, 53, 2460641
List the prime factors of 90604065.
3, 5, 19, 257, 1237
List the prime factors of 1486409523.
3, 23, 21542167
List the prime factors of 81818495.
5, 11, 83, 17923
What are the prime factors of 3798010?
2, 5, 149, 2549
List the prime factors of 74565142.
2, 41, 909331
What are the prime factors of 1151746816?
2, 11, 53, 7717
List the prime factors of 3153238550.
2, 5, 7, 11, 127, 6449
List the prime factors of 4396584257.
13, 16633, 20333
List the prime factors of 275761705.
5, 4451, 12391
List the prime factors of 311572994.
2, 61, 241, 10597
What are the prime factors of 3179345112?
2, 3, 2273, 19427
What are the prime factors of 391816937?
23, 433, 39343
List the prime factors of 4431213492.
2, 3, 4079, 90529
What are the prime factors of 28586375?
5, 71, 3221
List the prime factors of 239671867.
61, 3929047
What are the prime factors of 170787704?
2, 821, 26003
List the prime factors of 1175953991.
1175953991
What are the prime factors of 1025705020?
2, 5, 1019, 50329
What are the prime factors of 897009402?
2, 3, 149501567
List the prime factors of 72082378.
2, 31, 1162619
List the prime factors of 8748912.
2, 3, 113, 1613
List the prime factors of 45755423.
7, 6536489
List the prime factors of 1716206739.
3, 13, 47, 936283
List the prime factors of 74347406.
2, 7, 197, 3851
What are the prime factors of 211929571?
7, 30275653
List the prime factors of 2810720007.
3, 17, 226799
What are the prime factors of 59830908?
2, 3, 4985909
What are the prime factors of 45999548?
2, 7, 53, 139, 223
What are the prime factors of 3616923930?
2, 3, 5, 43, 2803817
What are the prime factors of 3536103991?
7, 419, 1205627
List the prime factors of 162031215.
3, 5, 1033, 10457
List the prime factors of 5361534820.
2, 5, 268076741
What are the prime factors of 1297827974?
2, 17, 38171411
List the prime factors of 275206834.
2, 7, 1613, 1741
List the prime factors of 70899812.
2, 61, 277, 1049
What are the prime factors of 2478884?
2, 31, 19991
List the prime factors of 720700443.
3, 26692609
List the prime factors of 536437591.
536437591
What are the prime factors of 20326003?
397, 51199
What are the prime factors of 103905535?
5, 599, 34693
What are the prime factors of 117333644?
2, 79, 151, 2459
List the prime factors of 868203164.
2, 217050791
What are the prime factors of 1229890276?
2, 73, 1439, 2927
List the prime factors of 286959841.
7, 4153, 9871
List the prime factors of 82521268.
2, 20630317
What are the prime factors of 13392601?
23, 179, 3253
What are the prime factors of 1843979426?
2, 17, 113, 479953
List the prime factors of 95527803.
3, 7, 649849
List the prime factors of 913079796.
2, 3, 76089983
List the prime factors of 103468557.
3, 34489519
What are the prime factors of 37045867?
37045867
List the prime factors of 2671992885.
3, 5, 59, 3019201
What are the prime factors of 3129811150?
2, 5, 31, 409, 4937
List the prime factors of 64869040.
2, 5, 19, 42677
What are the prime factors of 97062704?
2, 251, 24169
What are the prime factors of 192406353?
3, 7853, 8167
List the prime factors of 1773599773.
11, 37, 4357739
List the prime factors of 111635445.
3, 5, 23, 323581
What are the prime factors of 2328104354?
2, 1164052177
What are the prime factors of 477616229?
23, 20765923
List the prime factors of 3733821.
3, 7, 13, 47, 97
List the prime factors of 31379943.
3, 7, 17, 29, 433
List the prime factors of 105388297.
7, 61, 246811
What are the prime factors of 754264224?
2, 3, 7, 31, 149
List the prime factors of 146526172.
2, 13, 151, 18661
List the prime factors of 860535623.
107, 8042389
List the prime factors of 88847413.
23, 311, 12421
List the prime factors of 68706580.
2, 5, 317, 10837
What are the prime factors of 1228585071?
3, 7, 2687, 21773
What are the prime factors of 398199140?
2, 5, 83, 239879
What are the prime factors of 669468925?
5, 17, 601, 2621
What are the prime factors of 3374729387?
251, 13445137
List the prime factors of 230705926.
2, 11, 53, 241, 821
What are the prime factors of 13140079?
13140079
List the prime factors of 10923639.
3, 17, 214189
List the prime factors of 229332053.
229332053
What are the prime factors of 3662577578?
2, 11, 166480799
List the prime factors of 21779227.
17, 1281131
What are the prime factors of 40215204?
2, 3, 124121
What are the prime factors of 59248552?
2, 11, 23, 73, 401
What are the prime factors of 658106134?
2, 7, 199, 236219
List the prime factors of 277963828.
2, 47, 191, 7741
List the prime factors of 162676855.
5, 11, 2957761
What are the prime factors of 3086900583?
3, 13, 71, 1114807
What are the prime factors of 2271146355?
3, 5, 50469919
What are the prime factors of 98200525?
5, 29, 135449
List the prime factors of 528281438.
2, 103, 271, 9463
List the prime factors of 1203895862.
2, 13, 37, 149, 227
List the prime factors of 1528625511.
3, 7, 37, 93683
What are the prime factors of 709065894?
2, 3, 59, 2003011
What are the prime factors of 107370334?
2, 17, 1427, 2213
List the prime factors of 3025